e (18/10)/(18/120). What is the units digit of v(t)?
1
Let y(c) = c**2 + 8*c + 20. Let o be y(-5). Suppose -o*m - 2*h - 540 = -6*m, -h - 1605 = -3*m. What is the hundreds digit of m?
5
Suppose 0 = -3*c + 26*m - 28*m + 10, 2*c = -2*m + 4. Let n(j) = 4*j**3 - 8*j**2 + 28*j + 4. What is the hundreds digit of n(c)?
7
What is the tens digit of -67*((-21)/(-15) - 6048/120)?
8
Let d(r) = 48*r - 18. Let g be d(9). Suppose -5*b = 3*l - 396, 4*l + 2*b = g + 100. Let m = l - 57. What is the tens digit of m?
7
Let t(n) = -18*n**3 + n**2 - n. Suppose 4*j - 3*f - 16 = 0, 4*j - 5*f + 3*f = 12. Let b be t(j). What is the units digit of 161 + ((-22)/(-18) - (-4)/b)?
2
Suppose g + 32 + 29 = 0. Let a be (5460/(-9))/(-4) - 4/(-12). Let p = g + a. What is the tens digit of p?
9
Let w(r) = 2*r + 4. Let z be w(7). Let a = z + -30. Let k(y) = -y**3 - 12*y**2 - 5*y - 6. What is the units digit of k(a)?
4
Suppose -5*y = -10 - 5. Suppose f - y*f + 462 = -2*b, -4*b + 948 = 4*f. Let d = -115 + f. What is the hundreds digit of d?
1
Let c = 2203 + 2990. What is the thousands digit of c?
5
Let k be (-7)/3*(-72)/84. What is the units digit of 460 - ((-7)/k - (-8)/(-16))?
4
Let t(u) = 5*u - 24. Let b be t(6). Suppose b*d - 112 = -d. Suppose 0 = -5*n + 64 + d. What is the tens digit of n?
1
Let o = -151 - -171. Suppose o*p + 1308 = 26*p. What is the tens digit of p?
1
Let f be ((-8)/(-18))/(-2) - (-326)/9. Suppose -o - f = 5*h - 230, -2*h + 179 = o. What is the tens digit of o?
6
Suppose 0 = 3*s - 9, -3*b + 2*s - s - 393 = 0. Let v be (3 - -1)*b/(-40). Suppose -v*g - 176 = -14*g. What is the tens digit of g?
7
Suppose 3*h - 2*w - 2*w = 188, -5*h - 4*w = -324. Suppose -h + 232 = 7*f. What is the tens digit of ((-512)/f)/((-2)/3)?
3
Let d = 78 + -74. Suppose -81 = -b + d*n + 136, 3 = n. What is the hundreds digit of b?
2
Suppose -h - 4*i + 0*i + 28 = 0, -56 = -5*h + i. Suppose -h*c = -8194 + 1018. What is the tens digit of c?
9
Let x be 2*(21/2 - -1). Let o = -258 + 314. Let i = o + x. What is the units digit of i?
9
What is the hundreds digit of (3389 - 10) + -4 + 11?
3
Suppose 5*s = -4*i - 8, 2*s + 3*s - 10 = 5*i. Suppose -y + s = -238. What is the hundreds digit of y?
2
Let h(b) = 38*b + 40 - 69 + 36. Let t be h(3). What is the tens digit of t - (-3 - -5 - 2)?
2
Let i(m) = -46*m**2 + 4*m - 2. Let p be i(2). Let a = -687 + 611. Let f = a - p. What is the tens digit of f?
0
Let b be 7/(-35) + 14/(-5) + 1. Let u be -41 + -1 - b/(-3 - -1). Let j = u - -90. What is the tens digit of j?
4
Suppose 6*w = -w. Let g(x) = x**3 + x**2 - 3*x + 43. What is the tens digit of g(w)?
4
Suppose -14558 = w - 7*f - 52218, -4*w + 5*f = -150755. What is the units digit of w?
5
Suppose -4*l + 5*f = 6*f - 43307, -l + 10823 = f. What is the units digit of l?
8
Let i(n) = -n**2 - 15*n - 26. Let d be i(-12). Suppose -2*f + 7*f - d = 0, 5*f - 162 = -2*u. What is the tens digit of u?
7
Suppose -17*v + 4310 = 298. Let k = 26 + 19. Let x = k + v. What is the hundreds digit of x?
2
Let c(a) = a - 2. Let r be c(5). Let v be ((0 - -3)/r)/(2/6). Suppose 3*j - 7*j - l = -203, -5*l + 165 = v*j. What is the tens digit of j?
5
Suppose 0 = 4*m + 3*y - 0*y - 6101, 0 = 4*m + 5*y - 6107. Let o = -585 + m. What is the tens digit of o?
3
Let a = 12093 + -8445. What is the hundreds digit of a?
6
What is the ten thousands digit of 112/((2/88)/((-6192)/(-1152)))?
2
Let p = 319 - 322. What is the tens digit of p/((-7)/12824*6)?
1
Let i = 9129 + 70. What is the units digit of i?
9
Let w = -211 - -243. Let i(f) = f**3 - 32*f**2 + 5*f + 123. What is the units digit of i(w)?
3
Suppose -5*d = -3*a - 256043, 50*d - 52*d + 2*a = -102418. What is the ten thousands digit of d?
5
Let t(b) = -2*b**3 + 16*b**2 + 14*b - 26. What is the thousands digit of t(-8)?
1
Let h(w) = 16*w + 9*w**3 - 1 - 3 + 3*w**2 + 7*w**2 - 15*w**2 + 7*w**2. What is the units digit of h(4)?
8
Suppose 31 = p - 86. Let i = p - -86. What is the hundreds digit of i?
2
What is the units digit of 1 - 19040/(-91) - (-6)/(-26)?
0
Suppose 10*s = 32 + 338. Suppose -11886 = 16*a - s*a. What is the hundreds digit of a?
5
Let c(w) = -6*w + 15. Let m be c(6). Let a be (-1 - m)/4*1. Suppose a*f + 3*g = 99, -3*f - 2*f = 4*g - 97. What is the tens digit of f?
2
Let j = -274 + 278. Suppose -6*m = -m + j*b - 2153, 0 = -4*m + 5*b + 1706. What is the tens digit of m?
2
Let m(g) = -2*g - 5. Let r be m(-5). Suppose -5*a - 5*c = -735, -r*a = -3*c - 0*c - 735. Suppose 4*j - 249 = a. What is the tens digit of j?
9
Let t = 5879 - 3546. What is the tens digit of t?
3
Let b(x) = 24*x**3 + x**2 + 10*x - 13. Let r be b(3). Suppose 24*n = 22*n + r. What is the units digit of n?
7
Suppose 0 = 5*c + 2*f - 100595, -2*f - 43106 = -4*c + 37388. What is the thousands digit of c?
0
Let f(z) = 20*z**2 - 20*z + 4. Let i(x) = 7*x**2 - 7*x + 1. Let n(h) = 6*f(h) - 17*i(h). Let c be n(-3). Suppose 20*d - 27 = c*d. What is the units digit of d?
7
Let f(d) be the third derivative of d**5/20 + 5*d**4/24 + 7*d**3/6 - 2*d**2 + 145. What is the hundreds digit of f(-12)?
3
Let a be ((-120)/16)/(2/4). Let k be a*((-1)/3 + 0). Suppose -k*o + 147 = -128. What is the tens digit of o?
5
Suppose -3*j = 4*f - 13, 0*j - 2*j + 8 = 2*f. Suppose -j*m = -1 - 5. Suppose -5*r = 4*d - 65, 39 = 5*r - m*d + 4. What is the units digit of r?
9
Let h(o) = o**2 + o - 1. Let c(a) = 45*a**2 - 15*a + 29. Let w(z) = c(z) + 6*h(z). What is the units digit of w(5)?
3
What is the units digit of (-13314)/((-34)/(-16) - (-41)/(-328) - 4)?
7
Suppose -2*f + 79356 = -u, 31*u - 29*u - 198363 = -5*f. What is the tens digit of f?
7
Let f(p) = 2*p**3 + 8*p**2 + 37*p - 1330. What is the thousands digit of f(17)?
1
Let c(q) be the third derivative of 0 + 0*q + 1/60*q**5 + 47/2*q**3 - 1/120*q**6 + 1/24*q**4 - 15*q**2. What is the tens digit of c(0)?
4
Suppose 3*a + 2*w + 95 = 0, 0 = -3*a - 2*a + 5*w - 175. Let v = 41 + a. What is the units digit of 2/v + -4 + 1305/12?
5
What is the tens digit of 12772 + 20 + -15 + -19?
5
Let k = 83 - 80. Suppose -3*u - f = 4*f - 1417, -k*u - 3*f + 1407 = 0. What is the tens digit of u?
6
Let f(o) = -2*o - 1. Let v(a) = 9*a**2 + 12*a. Let y(p) = 5*f(p) + v(p). What is the units digit of y(4)?
7
Suppose -5*u - c - 344 + 5049 = 0, c - 2823 = -3*u. What is the units digit of u?
1
Let z = -53 + 57. Suppose 3*j = z*j - 51. Let f = 91 - j. What is the tens digit of f?
4
Let l(k) = k**3 - 9*k**2 + 9*k + 10. Let r be l(8). Suppose -777 = -r*p + 15*p. What is the tens digit of p?
5
Suppose -159*l + 92714 = o - 163*l, -4*l - 463586 = -5*o. What is the units digit of o?
8
What is the hundreds digit of (-1855308)/(-48) - (-105)/(-20)?
6
Suppose 7*k = -243 + 3358. Let z = 874 - k. What is the hundreds digit of z?
4
Let l be ((-3)/(-6) - 0)*(1 - -57). Let r(u) = 5 + 8*u + l*u**2 - 4*u + 12*u**2. What is the units digit of r(-1)?
2
Suppose -q + 2*w + 675 = 0, -9*q + 7*q = -5*w - 1349. Suppose -q - 904 = -17*x. What is the tens digit of x?
9
Let l(h) = 6*h + 61. Let s be l(-10). What is the tens digit of (50/(-12))/s*(-138)/23?
2
Suppose 5*f - 1 - 23 = z, -2*z = 8. Let l be (-2 + 1)*-6*(3 - f). What is the tens digit of -1*(-4)/2 - 336/l?
5
Suppose 17*o - 8693 - 980 = 0. Suppose -3*v - 3*g = -1680, 3*v - 2*g = 2*v + o. What is the tens digit of v?
6
Suppose 39*u + 146880 = 51*u. What is the hundreds digit of u?
2
Suppose -z - 7 = y, 0 = -2*z + 2*y - y - 20. What is the tens digit of (z + 1)*(-255)/30?
6
Let j(w) = w**3 + 12*w**2 + 10*w - 7. Let v be j(-11). Suppose 4*h - 525 = v*g - 1713, -5*h = -2*g + 597. What is the units digit of g?
6
Let s = 17 - 17. Suppose -14*p + 16*p + 2*o - 544 = s, -2*p + 543 = o. What is the units digit of p?
1
Suppose 92 - 364 = -4*v. Suppose -v = r - 70. What is the units digit of r?
2
Suppose 0*w = 3*w - 27. Suppose 5*m + 12 = w*m. Let g(b) = 4*b**2 - b + 1. What is the units digit of g(m)?
4
Suppose -1106 = 10*z - 5*z - 2*a, -2*z = 5*a + 425. What is the hundreds digit of z/(-33)*(-1446)/(-8) + 1?
2
Let w be (0 + -4)*(-40)/1. Let u = w - 37. What is the hundreds digit of u?
1
Suppose 47*g - 18*g = 491028. Suppose -13*s - 4*s + g = 0. What is the units digit of s?
6
Let u(b) = 4*b**3 + 6*b**2 - 12*b + 4. Let g be (1/(2/20))/((-225)/(-90)). What is the tens digit of u(g)?
0
Let n be (-1767)/36 - (230/